-10) + ((-970)/(-25) - 4). Suppose -v + r = 2*b - 11, 0 = -v + 4. What is the hundreds digit of ((-149)/2 - 0)/(b/(-42))?
1
Let n(h) be the second derivative of 11/12*h**4 + 0 + h**3 + 17*h - 5*h**2. What is the units digit of n(4)?
0
Let f be 84/(2*(-2)/18). What is the units digit of ((-1)/2)/((-3393)/f + -9)?
1
Suppose -t - 1287 + 1126 + 4804 = 0. What is the tens digit of t?
4
What is the hundreds digit of (-877)/(((-3)/15)/(2/6*3))?
3
What is the thousands digit of ((-2)/3)/((-228)/2216502)?
6
What is the units digit of 256/(-12)*(-78)/(-12)*-213?
6
Let b(f) = -141*f - 73. Let s(w) = w**3 + 15*w**2 - 15*w + 7. Let d be s(-16). What is the hundreds digit of b(d)?
1
Let j be -4 + 2 - (-3 + -1). Suppose -5*z - q + j*q + 3042 = 0, 2*z = 3*q + 1222. Suppose z = -2*h + 10*h. What is the units digit of h?
6
Let z(s) = -6434*s**3 + 3*s**2 + 44*s + 86. What is the thousands digit of z(-2)?
1
Let v(z) = -45*z + 13. Suppose -3*m + 1 = 7. What is the units digit of v(m)?
3
Let y = -5995 + 20787. What is the tens digit of y?
9
Let n(y) = y**3 + 27*y**2 + 22*y + 29. Let j = -607 - -581. What is the tens digit of n(j)?
3
Let c = -35 + 39. Suppose 3*k - 301 = c*i, -5*i = -k - i + 111. Suppose 4*l = 5 + k. What is the units digit of l?
5
Suppose 19*f - 32 = 6. Let t(o) = 72*o**2 + 5*o - 8. What is the units digit of t(f)?
0
Suppose 4*t = -7*t + 97988. What is the thousands digit of t?
8
Let b(a) = -2*a + 3*a + 2*a**2 - 2*a + 41. Let z be b(0). Suppose -5*o + 68 = -0*o - 3*x, 3*o = 2*x + z. What is the tens digit of o?
1
Let t(i) be the third derivative of 43*i**4/12 + 51*i**3/2 + 32*i**2. What is the units digit of t(6)?
9
Let k(l) = 231*l**2 - 193*l - 1167. What is the tens digit of k(-6)?
0
Let a(d) = -d - 2. Let z be a(4). Let f be z - 39/(-7) - (-2834)/14. Let h = -105 + f. What is the units digit of h?
7
Let l = -2962 + 3489. What is the units digit of l?
7
Suppose 3*j - 24525 = -10*h + 5*h, -j + 6*h + 8198 = 0. What is the units digit of j?
0
What is the thousands digit of 55*(-19187)/(-245) + (-10)/(-14)?
4
Let k = 28 + -26. Let i = -37 + 49. Suppose i = k*o - 232. What is the units digit of o?
2
Let y(q) = q**3 + 11*q**2 - 23*q + 3. Let t(v) = -v**3 - 8*v**2 + 24*v + 29. Let u be t(-10). What is the tens digit of y(u)?
5
Suppose -601*u = -603*u + 16, 4*k - 4*u = 88024. What is the units digit of k?
4
Suppose 9*t = -3*h + 4*t + 2, -5*h + 16 = 2*t. Suppose 5*z = 25, h*o - 3*o + 2*z = 167. What is the tens digit of o?
5
What is the units digit of 3/(-1) + 12/5 + 289192/370?
1
Suppose -2*f - 24737 = -3*l + 7204, 53235 = 5*l + 3*f. What is the units digit of l?
7
Let p(x) = -x**2 + 18*x - 56. Let k(z) = z**2 - 17*z + 55. Let c(b) = 5*k(b) + 4*p(b). What is the units digit of c(-15)?
1
What is the units digit of 344709/68*152/57?
8
What is the tens digit of (5638 - 0) + 14 + (-14 - 3)?
3
Let m(b) = -4*b**2 + b**3 - 12*b + 14 - 9*b**2 + 5*b**2. What is the tens digit of m(11)?
4
Let k = -703 + -261. Let r = k - -1629. Suppose 3*m = -4*m + r. What is the units digit of m?
5
Suppose -m + 2*t + 9909 = 0, 8*m - t - 39664 = 4*m. What is the hundreds digit of m?
9
Let g(f) be the second derivative of 5/6*f**3 + 0 + 18*f**2 - 23*f. What is the units digit of g(14)?
6
Let j(p) = 2*p + 3. Let c be j(-6). Let m(r) = -r**3 - 5*r**2 + 14*r + 21. Let v be m(c). Suppose 5*w = v + 341. What is the hundreds digit of w?
1
What is the hundreds digit of 16227 + 17/170*110?
2
Let q be 538 - 1 - (-4 - -11 - 8). Suppose q*h - 544*h + 2250 = 0. What is the hundreds digit of h?
3
Suppose -8*g - 1492 = -76652. What is the thousands digit of g?
9
Let i be 7/(-4) - 498313/(-76). Suppose 0 = 6*m - i - 1377. What is the units digit of m?
2
Suppose -4855548 - 2723140 = -176*b - 2128496. What is the tens digit of b?
6
Let f = 2479 - -17738. What is the hundreds digit of f?
2
Let x(n) = -n. Let q be x(-2). Suppose 0 = q*d - d - 107. Let c = 225 - d. What is the tens digit of c?
1
Let t = -13658 - -24653. What is the hundreds digit of t?
9
Let g(b) = 3*b**2 - 62*b - 2239. What is the hundreds digit of g(-64)?
0
Let o(k) = 324*k**2 - 111*k + 1347. What is the thousands digit of o(13)?
4
Suppose -j = 3*x - 8450, 4*j = -3*x + 4036 + 29773. What is the tens digit of j?
5
Let s = 272 - 272. Suppose 0 = -l - s*l + 5*j + 77, -5*l + 490 = -4*j. What is the units digit of l?
2
Suppose m = 9, 4*z = -56*m + 53*m + 216651. What is the hundreds digit of z?
1
Let h(m) = 195*m**3 + 6*m - 15. Let n be h(4). Suppose -35*s + n = -12*s. What is the hundreds digit of s?
5
Suppose 0*m + 2*m = -5*b + 907, 553 = 3*b - m. Let u = 36 + b. What is the tens digit of u?
1
Suppose 5*h + 3*q = 4972, 4*q + 888 = -4*h + 4872. Let m = -556 + h. What is the hundreds digit of m?
4
Suppose 15*j - 488967 = 16*q - 15*q, 3*q = j - 32589. What is the units digit of j?
8
Suppose -n + 105618 = 4*j, -63705 = 5*j + 3*n - 195717. What is the tens digit of j?
0
Let h = -721 + 313. Let a be (-4)/14 - 6180/28. Let q = a - h. What is the hundreds digit of q?
1
Suppose m + 175 = 5*p, -5*p + 295 = -3*m - 190. Let a be (-1)/(-4) - (-16198)/104. Let o = a + m. What is the units digit of o?
1
Let l(b) = -b + 47. Let i be l(44). Suppose 25*m - i*m = 2354. What is the units digit of m?
7
Suppose -j + 2151 = -7 + 488. What is the tens digit of j?
7
Let l be 728/(-12) + (-12)/(-18). Let z be (-4)/5*l/24. Suppose 6 = -z*k + 18. What is the units digit of k?
6
What is the ten thousands digit of -2 + 48/25 - (-53266829)/1925?
2
Let n(y) = -2*y**2 + 16*y - 4. Let j be (-2)/4*(-1 + -13). Let f be n(j). Suppose -2*k - 216 = -f*k. What is the units digit of k?
7
Let o be -72 - ((-1)/3 - 28/42). Let l = -64 - o. Let m(u) = 2*u**2 + 2*u - 5. What is the units digit of m(l)?
7
Suppose 0 = 562*a + 111*a - 167*a - 25252942. What is the tens digit of a?
0
Let t be ((-90)/135)/(2/5778). What is the hundreds digit of 3/(-3*6/t)?
3
Let c = -507 - -518. Let t(x) = 11*x**2 - 11*x - 1. What is the hundreds digit of t(c)?
2
Suppose -x - 2040 = 4*x. Suppose -4*g + 2780 = -4*i, 4*g + 5*i - 2743 = -17. Let r = x + g. What is the hundreds digit of r?
2
Let c be ((-548)/8 - (-3)/6) + 3. Let x = 69 + c. Suppose -v = 3*m - 243, 5*m + 1703 = x*v + 663. What is the tens digit of v?
5
Let f(g) = 4*g**2 + 17*g - 13. Let x be f(6). Suppose 526 = 11*i - x. What is the tens digit of i?
6
Let f(m) = 34*m**2 + 2*m + 20. What is the tens digit of f(8)?
1
Let d = 42419 - 30055. What is the thousands digit of d?
2
Suppose 4*c + 3*w - 102 = 27, 5*c - 138 = 4*w. What is the tens digit of c/4*(-11 - (3 + -18))?
3
Let o(h) = 669*h + 1682. What is the units digit of o(4)?
8
Suppose 146454 + 15546 = 24*n. Suppose 389*u = 380*u + n. What is the tens digit of u?
5
Let y(r) = -4*r**2 - 17*r. Let v be y(-8). Let m = v - -425. What is the hundreds digit of m?
3
Let r(t) = -21*t**3 - 3*t**2. Let n be r(-1). What is the hundreds digit of (27/n + -5)*-302?
0
Suppose -26*j + 438247 = 41*j. What is the tens digit of j?
4
Let m(n) be the first derivative of -n**2 + 16*n - 13. Let t be m(8). What is the tens digit of (-279)/(-18)*(t - -6)?
9
Suppose 0 = 18*l - 567 + 3465. Let g = 920 + l. What is the units digit of g?
9
Suppose -x + 6*m - m = -4343, -2*x = 4*m - 8616. What is the units digit of x?
8
Let z = 1987 - 682. Suppose -5*v = 5*t - 1450, 4*v + 3*t - z + 144 = 0. What is the tens digit of v?
9
Let g be 100*((-42)/(-12) - 3). Suppose -26985 = g*m - 85*m. What is the tens digit of m?
7
Let i(u) = -u + 18. Let s be i(18). Let l be (10 - 7) + s + -3. Suppose l = 3*r + 2*b - 230, -26 = -2*r - b + 128. What is the units digit of r?
8
Let g = 320 + -187. Let o = -7 - g. Let x = o - -317. What is the hundreds digit of x?
1
Let j(h) = -h**3 - h + 93. Let f be j(0). Let g = -35 + 91. Let r = f - g. What is the units digit of r?
7
Let x(k) = -k**3 - k**2 - 23. Let a be x(-4). What is the tens digit of 9320/a - (-5)/25?
7
Let g = -44617 - -77287. What is the units digit of g?
0
Suppose -5*o + 5*w = 3*w - 20, -3*w - 15 = 0. Suppose -4*y = -3*v - 274, 0 = 6*v - 7*v - o. What is the units digit of y?
7
Let w = -46 - -50. Suppose -6*o - 3*n - 598 = -7*o, -591 = -o - w*n. What is the hundreds digit of o?
5
Let p be ((-1)/(1*4))/(121/484). Let z(c) = 2*c + 9. What is the units digit of z(p)?
7
Suppose 650